{"id":2,"date":"2025-11-01T10:59:14","date_gmt":"2025-11-01T13:59:14","guid":{"rendered":"http:\/\/localhost\/apologiaComP\/?page_id=2"},"modified":"2025-11-03T07:04:35","modified_gmt":"2025-11-03T10:04:35","slug":"pagina-exemplo","status":"publish","type":"page","link":"https:\/\/apologiacomp.com\/","title":{"rendered":""},"content":{"rendered":"\n<figure class=\"wp-block-image aligncenter size-full is-resized\"><img fetchpriority=\"high\" decoding=\"async\" width=\"661\" height=\"431\" src=\"http:\/\/apologiacomp.com\/wp-content\/uploads\/2025\/11\/d00bde41-c80a-41c7-8be4-b90c3475d17b-e1762164266364.png\" alt=\"\" class=\"wp-image-86\" style=\"width:248px;height:auto\" srcset=\"https:\/\/apologiacomp.com\/wp-content\/uploads\/2025\/11\/d00bde41-c80a-41c7-8be4-b90c3475d17b-e1762164266364.png 661w, https:\/\/apologiacomp.com\/wp-content\/uploads\/2025\/11\/d00bde41-c80a-41c7-8be4-b90c3475d17b-e1762164266364-300x196.png 300w, https:\/\/apologiacomp.com\/wp-content\/uploads\/2025\/11\/d00bde41-c80a-41c7-8be4-b90c3475d17b-e1762164266364-600x391.png 600w\" sizes=\"(max-width: 661px) 100vw, 661px\" \/><\/figure>\n\n\n\n<div class=\"wp-block-group is-nowrap is-layout-flex wp-container-core-group-is-layout-6c531013 wp-block-group-is-layout-flex\">\n<p>Aprofunde-se na verdade das Escrituras com <strong>Paulo S\u00e9rgio Batista \u2013 Apologia com P<\/strong>.<br>Explore conte\u00fados b\u00edblicos s\u00f3lidos, cursos e reflex\u00f5es que fortalecem sua f\u00e9 e raz\u00e3o.<br>Conhe\u00e7a nossos <strong>livros e produtos exclusivos<\/strong>, criados para quem busca viver a f\u00e9 de forma consciente e b\u00edblica.<br>Acesse nossa loja e leve o Apologia com P para o seu dia a dia.<br>Pensar a f\u00e9 \u00e9 viver com convic\u00e7\u00e3o.<\/p>\n<\/div>\n","protected":false},"excerpt":{"rendered":"<p>Aprofunde-se na verdade das Escrituras com Paulo S\u00e9rgio Batista \u2013 Apologia com P.Explore conte\u00fados b\u00edblicos s\u00f3lidos, cursos e reflex\u00f5es que fortalecem sua f\u00e9 e raz\u00e3o.Conhe\u00e7a nossos livros e produtos exclusivos, criados para quem busca viver a f\u00e9 de forma consciente e b\u00edblica.Acesse nossa loja e leve o Apologia com P para o seu dia a [&hellip;]<\/p>\n","protected":false},"author":1,"featured_media":0,"parent":0,"menu_order":1,"comment_status":"closed","ping_status":"open","template":"","meta":{"footnotes":""},"class_list":["post-2","page","type-page","status-publish","hentry"],"jetpack_sharing_enabled":true,"_links":{"self":[{"href":"https:\/\/apologiacomp.com\/index.php\/wp-json\/wp\/v2\/pages\/2","targetHints":{"allow":["GET"]}}],"collection":[{"href":"https:\/\/apologiacomp.com\/index.php\/wp-json\/wp\/v2\/pages"}],"about":[{"href":"https:\/\/apologiacomp.com\/index.php\/wp-json\/wp\/v2\/types\/page"}],"author":[{"embeddable":true,"href":"https:\/\/apologiacomp.com\/index.php\/wp-json\/wp\/v2\/users\/1"}],"replies":[{"embeddable":true,"href":"https:\/\/apologiacomp.com\/index.php\/wp-json\/wp\/v2\/comments?post=2"}],"version-history":[{"count":10,"href":"https:\/\/apologiacomp.com\/index.php\/wp-json\/wp\/v2\/pages\/2\/revisions"}],"predecessor-version":[{"id":179,"href":"https:\/\/apologiacomp.com\/index.php\/wp-json\/wp\/v2\/pages\/2\/revisions\/179"}],"wp:attachment":[{"href":"https:\/\/apologiacomp.com\/index.php\/wp-json\/wp\/v2\/media?parent=2"}],"curies":[{"name":"wp","href":"https:\/\/api.w.org\/{rel}","templated":true}]}}